to base 16
-8f
Convert 10000 (base 2) to base 16.
10
36 (base 16) to base 6
130
Convert -18 (base 14) to base 9.
-24
What is -4 (base 11) in base 7?
-4
7 (base 15) to base 13
7
What is -10111110 (base 2) in base 4?
-2332
What is 1220 (base 3) in base 14?
39
-10 (base 2) to base 12
-2
What is -22 (base 9) in base 13?
-17
40 (base 6) to base 10
24
-221 (base 3) to base 13
-1c
Convert 110 (base 3) to base 14.
c
What is -23 (base 9) in base 5?
-41
What is 4 (base 6) in base 8?
4
-121 (base 4) to base 10
-25
Convert 104 (base 6) to base 14.
2c
Convert -48 (base 9) to base 3.
-1122
Convert -166 (base 9) to base 11.
-119
3 (base 6) to base 10
3
Convert 10 (base 7) to base 13.
7
What is -4 (base 12) in base 3?
-11
1 (base 12) to base 13
1
What is -2 (base 16) in base 10?
-2
What is 0 (base 3) in base 2?
0
What is 132 (base 9) in base 11?
a0
Convert 5 (base 13) to base 4.
11
23 (base 15) to base 9
36
8 (base 9) to base 7
11
Convert -12 (base 3) to base 16.
-5
-c (base 16) to base 3
-110
What is -1 (base 16) in base 9?
-1
Convert -6 (base 11) to base 16.
-6
What is -43 (base 6) in base 13?
-21
-1 (base 4) to base 5
-1
What is 2 (base 15) in base 4?
2
What is -1 (base 11) in base 7?
-1
Convert -148 (base 9) to base 13.
-98
2 (base 15) to base 7
2
-10 (base 5) to base 8
-5
Convert 101 (base 3) to base 4.
22
-36 (base 7) to base 13
-21
What is -156 (base 9) in base 5?
-1012
Convert -29 (base 15) to base 12.
-33
What is -2 (base 10) in base 7?
-2
-20 (base 6) to base 10
-12
4 (base 9) to base 15
4
What is 0 (base 16) in base 5?
0
What is 5 (base 9) in base 8?
5
What is 52 (base 6) in base 15?
22
Convert 11 (base 5) to base 2.
110
What is -5 (base 10) in base 7?
-5
Convert -1 (base 9) to base 8.
-1
Convert 34 (base 7) to base 15.
1a
Convert -20 (base 3) to base 9.
-6
154 (base 9) to base 2
10000010
Convert 353 (base 8) to base 4.
3223
What is 2 (base 7) in base 2?
10
Convert 3 (base 7) to base 5.
3
37 (base 13) to base 5
141
-1331 (base 6) to base 11
-292
What is -6 (base 15) in base 10?
-6
Convert -1011 (base 2) to base 10.
-11
What is -9 (base 12) in base 3?
-100
Convert -10 (base 11) to base 4.
-23
b (base 13) to base 16
b
-76 (base 10) to base 11
-6a
-16 (base 16) to base 15
-17
-3e (base 15) to base 16
-3b
11 (base 6) to base 5
12
Convert -302 (base 4) to base 3.
-1212
Convert -1 (base 2) to base 9.
-1
What is 45 (base 6) in base 12?
25
Convert a (base 14) to base 10.
10
Convert -dc (base 14) to base 15.
-ce
What is 0 (base 2) in base 14?
0
Convert 0 (base 5) to base 2.
0
What is 4 (base 5) in base 15?
4
-11 (base 5) to base 7
-6
Convert 10020 (base 3) to base 2.
1010111
What is 15 (base 8) in base 7?
16
What is 9 (base 16) in base 7?
12
What is -20 (base 3) in base 12?
-6
212 (base 3) to base 10
23
23 (base 14) to base 10
31
What is 26 (base 7) in base 8?
24
Convert 0 (base 10) to base 14.
0
What is -4 (base 10) in base 7?
-4
23c (base 13) to base 8
605
What is 7 (base 9) in base 13?
7
Convert -60 (base 13) to base 6.
-210
-3 (base 11) to base 9
-3
Convert 12 (base 12) to base 14.
10
-21 (base 10) to base 6
-33
Convert 11 (base 6) to base 4.
13
What is 4 (base 8) in base 15?
4
Convert -21 (base 3) to base 10.
-7
Convert -2 (base 12) to base 7.
-2
Convert -2 (base 5) to base 4.
-2
Convert -10212 (base 4) to base 10.
-294
What is 101 (base 2) in base 7?
5
2 (base 11) to base 14
2
What is -12 (base 6) in base 7?
-11
What is 1 (base 12) in base 9?
1
What is 5a (base 16) in base 9?
110
What is -104 (base 5) in base 7?
-41
Convert -3 (base 13) to base 2.
-11
What is 110 (base 4) in base 8?
24
-3 (base 6) to base 4
-3
What is 10000001 (base 2) in base 12?
a9
What is -10 (base 3) in base 11?
-3
What is 1 (base 8) in base 14?
1
What is 3 (base 5) in base 10?
3
Convert -39 (base 12) to base 8.
-55
What is 335 (base 6) in base 8?
203
Convert -64 (base 7) to base 15.
-31
Convert 1c (base 14) to base 12.
22
Convert 100020 (base 3) to base 2.
11111001
What is 0 (base 12) in base 16?
0
Convert 335 (base 10) to base 14.
19d
What is -2 (base 16) in base 2?
-10
What is -210 (base 6) in base 8?
-116
What is 56 (base 13) in base 4?
1013
-4 (base 7) to base 12
-4
Convert -230 (base 4) to base 12.
-38
Convert 15 (base 14) to base 3.
201
Convert -1 (base 10) to base 15.
-1
18 (base 16) to base 12
20
What is -a (base 12) in base 14?
-a
Convert 29 (base 16) to base 2.
101001
What is 30 (base 6) in base 2?
10010
20 (base 5) to base 4
22
What is -3 (base 7) in base 11?
-3
Convert -201 (base 3) to base 7.
-25
What is 0 (base 11) in base 13?
0
10 (base 5) to base 6
5
What is 7 (base 15) in base 7?
10
Convert -11112 (base 3) to base 14.
-8a
What is -41 (base 7) in base 2?
-11101
What is -5 (base 13) in base 5?
-10
Convert 3 (base 16) to base 3.
10
What is -22a (base 11) in base 12?
-1aa
What is -3 (base 13) in base 4?
-3
What is 0 (base 13) in base 3?
0
110011 (base 2) to base 6
123
What is 200 (base 9) in base 13?
c6
Convert 20 (base 13) to base 3.
222
-2 (base 10) to base 12
-2
Convert 19 (base 13) to base 12.
1a
Convert -aa (base 15) to base 13.
-c4
What is 153 (base 7) in base 9?
106
Convert -6 (base 12) to base 7.
-6
123 (base 12) to base 3
20100
What is -53 (base 10) in base 9?
-58
What is 4 (base 11) in base 13?
4
Convert 10 (base 3) to base 15.
3
What is 0 (base 12) in base 4?
0
Convert -2 (base 13) to base 4.
-2
-3 (base 8) to base 11
-3
-5 (base 9) to base 3
-12
Convert 0 (base 10) to base 9.
0
Convert 0 (base 4) to base 6.
0
301 (base 4) to base 2
110001
What is -1 (base 12) in base 2?
-1
What is -14 (base 11) in base 13?
-12
5 (base 12) to base 16
5
Convert -304 (base 5) to base 16.
-4f
2 (base 14) to base 9
2
Convert 122 (base 3) to base 15.
12
14 (base 9) to base 10
13
3 (base 14) to base 6
3
Convert -133 (base 10) to base 12.
-b1
What is 2d (base 15) in base 4?
223
Convert 1 (base 6) to base 9.
1
-11 (base 7) to base 15
-8
Convert -1 (base 8) to base 3.
-1
What is -4 (base 6) in base 13?
-4
What is 0 (base 15) in base 6?
0
What is -17 (base 9) in base 4?
-100
-101 (base 3) to base 7
-13
What is -334 (base 7) in base 9?
-211
What is -5 (base 7) in base 6?
-5
-40 (base 5) to base 14
-16
27 (base 12) to base 11
29
Convert -1b (base 16) to base 10.
-27
Convert 1 (base 2) to base 11.
1
Convert 14 (base 6) to base 8.
12
What is -91 (base 10) in base 15?
-61
What is -a0 (base 12) in base 6?
-320
What is 23 (base 11) in base 13?
1c
What is -127 (base 15) in base 8?
-406
-72 (base 11) to base 5
-304
What is 24 (base 11) in base 7?
35
What is 7 (base 16) in base 2?
111
Convert 16 (base 7) to base 15.
d
Convert -321 (base 8) to base 7.
-416
1 (base 6) to base 4
1
What is -4 (base 9) in base 5?
-4
What is 38 (base 12) in base 7?
62
-78 (base 16) to base 8
-170
Convert -127 (base 8) to base 10.
-87
What is -5a (base 13) in base 3?
-2210
-3 (base 9) to base 6
-3
97 (base 11) to base 12
8a
What is -5 (base 12) in base 9?
-5
What is -6 (base 8) in base 12?
-6
What is 0 (base 4) in base 9?
0
Convert 10013 (base 4) to base 9.
322
What is 5 (base 10) in base 7?
5
-94 (base 14) to base 3
-11211
What is 3 (base 15) in base 6?
3
What is 1 (base 8) in base 14?
1
Convert -21 (base 7) to base 3.
-120
3 (base 7) to base 4
3
What is 535 (base 8) in base 7?
1006
What is 40 (base 5) in base 6?
32
What is -3 (base 15) in base 13?
-3
-3 (base 7) to base 13
-3
What is -23 (base 6) in base 5?
-30
1c (base 13) to base 15
1a
-3 (base 5) to base 7
-3
Convert 37 (base 9) to base 2.
100010
Convert 0 (base 12) to base 13.
0
-42 (base 11) to base 14
-34
What is 0 (base 3) in base 9?
0
What is -10 (base 12) in base 15?
-c
Convert 3 (base 14) to base 10.
3
Convert 110110 (base 2) to base 13.
42
Convert -20 (base 4) to base 15.
-8
13 (base 11) to base 3
112
What is 126 (base 10) in base 2?
1111110
What is c4 (base 13) in base 2?
10100000
Convert 1011 (base 3) to base 16.
1f
Convert -1 (base 11) to base 14.
-1
Convert 21 (base 3) to base 14.
7
What is 9 (base 16) in base 6?
13
-30 (base 12) to base 13
-2a
What is 0 (base 15) in base 11?
0
What is -16 (base 7) in base 12?
-11
300 (base 6) to base 10
108
What is 371 (base 10) in base 11?
308
24 (base 10) to base 8
30
Convert -53 (base 9) to base 3.
-1210
Convert 36 (base 15) to base 4.
303
-1 (base 3) to base 10
-1
Convert -2110 (base 3) to base 5.
-231
-1 